{"id":2742,"date":"2023-07-21T14:42:21","date_gmt":"2023-07-21T14:42:21","guid":{"rendered":"https:\/\/saf-wien.at\/wpneu\/?page_id=2742"},"modified":"2026-02-21T12:33:19","modified_gmt":"2026-02-21T12:33:19","slug":"verein-saf","status":"publish","type":"page","link":"https:\/\/saf-wien.at\/wpneu\/","title":{"rendered":"Segelverein ASK\u00d6 Floridsdorf"},"content":{"rendered":"\n<div class=\"alignnormal\"><div id=\"metaslider-id-4469\" style=\"width: 100%;\" class=\"ml-slider-3-106-0 metaslider metaslider-flex metaslider-4469 ml-slider has-dots-nav ms-theme-default-base\" role=\"region\" aria-label=\"Slideshow Hajo\" data-height=\"300\" data-width=\"700\">\n    <div id=\"metaslider_container_4469\">\n        <div id=\"metaslider_4469\">\n            <ul class='slides'>\n                <li style=\"display: block; width: 100%;\" class=\"slide-4901 ms-image \" aria-roledescription=\"slide\" data-date=\"2026-03-15 19:09:59\" data-filename=\"5B403794-E2CD-4591-87D9-D780E4080DA8-700x300.jpg\" data-slide-type=\"image\"><img loading=\"lazy\" decoding=\"async\" src=\"https:\/\/saf-wien.at\/wpneu\/wp-content\/uploads\/2026\/03\/5B403794-E2CD-4591-87D9-D780E4080DA8-700x300.jpg\" height=\"300\" width=\"700\" alt=\"\" class=\"slider-4469 slide-4901 msDefaultImage\" title=\"5B403794-E2CD-4591-87D9-D780E4080DA8\" \/><\/li>\n                <li style=\"display: none; width: 100%;\" class=\"slide-4471 ms-image \" aria-roledescription=\"slide\" data-date=\"2025-04-19 13:09:22\" data-filename=\"20210626_164306-scaled-700x300.jpg\" data-slide-type=\"image\"><img loading=\"lazy\" decoding=\"async\" src=\"https:\/\/saf-wien.at\/wpneu\/wp-content\/uploads\/2024\/12\/20210626_164306-scaled-700x300.jpg\" height=\"300\" width=\"700\" alt=\"\" class=\"slider-4469 slide-4471 msDefaultImage\" title=\"20210626_164306\" \/><\/li>\n                <li style=\"display: none; width: 100%;\" class=\"slide-4905 ms-image \" aria-roledescription=\"slide\" data-date=\"2026-03-15 19:12:29\" data-filename=\"30EA2878-30FE-4B4D-83FD-23CB9CDCB36B-700x300.jpg\" data-slide-type=\"image\"><img loading=\"lazy\" decoding=\"async\" src=\"https:\/\/saf-wien.at\/wpneu\/wp-content\/uploads\/2026\/03\/30EA2878-30FE-4B4D-83FD-23CB9CDCB36B-700x300.jpg\" height=\"300\" width=\"700\" alt=\"\" class=\"slider-4469 slide-4905 msDefaultImage\" title=\"30EA2878-30FE-4B4D-83FD-23CB9CDCB36B\" \/><\/li>\n                <li style=\"display: none; width: 100%;\" class=\"slide-4473 ms-image \" aria-roledescription=\"slide\" data-date=\"2025-04-19 13:11:15\" data-filename=\"LM-Laser-Standard-KM-Laser-Radial-2021_05_29-175_klein-700x300.jpg\" data-slide-type=\"image\"><img loading=\"lazy\" decoding=\"async\" src=\"https:\/\/saf-wien.at\/wpneu\/wp-content\/uploads\/2022\/03\/LM-Laser-Standard-KM-Laser-Radial-2021_05_29-175_klein-700x300.jpg\" height=\"300\" width=\"700\" alt=\"\" class=\"slider-4469 slide-4473 msDefaultImage\" title=\"Tarkan nach der Lee-Boje vor Markus und Werner\" \/><\/li>\n                <li style=\"display: none; width: 100%;\" class=\"slide-4510 ms-image \" aria-roledescription=\"slide\" data-date=\"2025-04-20 08:45:45\" data-filename=\"oam2011_web_23-700x300.jpg\" data-slide-type=\"image\"><img loading=\"lazy\" decoding=\"async\" src=\"https:\/\/saf-wien.at\/wpneu\/wp-content\/uploads\/2024\/12\/oam2011_web_23-700x300.jpg\" height=\"300\" width=\"700\" alt=\"\" class=\"slider-4469 slide-4510 msDefaultImage\" title=\"oam2011_web_23\" \/><\/li>\n                <li style=\"display: none; width: 100%;\" class=\"slide-4476 ms-image \" aria-roledescription=\"slide\" data-date=\"2025-04-19 13:14:39\" data-filename=\"IMG_1117-640x274.jpg\" data-slide-type=\"image\"><img loading=\"lazy\" decoding=\"async\" src=\"https:\/\/saf-wien.at\/wpneu\/wp-content\/uploads\/2022\/03\/IMG_1117-640x274.jpg\" height=\"300\" width=\"700\" alt=\"\" class=\"slider-4469 slide-4476 msDefaultImage\" title=\"IMG_1117\" \/><\/li>\n                <li style=\"display: none; width: 100%;\" class=\"slide-4512 ms-image \" aria-roledescription=\"slide\" data-date=\"2025-04-20 08:47:19\" data-filename=\"20220711_172847-scaled-700x300.jpg\" data-slide-type=\"image\"><img loading=\"lazy\" decoding=\"async\" src=\"https:\/\/saf-wien.at\/wpneu\/wp-content\/uploads\/2022\/07\/20220711_172847-scaled-700x300.jpg\" height=\"300\" width=\"700\" alt=\"\" class=\"slider-4469 slide-4512 msDefaultImage\" title=\"20220711_172847\" \/><\/li>\n                <li style=\"display: none; width: 100%;\" class=\"slide-4902 ms-image \" aria-roledescription=\"slide\" data-date=\"2026-03-15 19:10:19\" data-filename=\"770E32CA-5DDB-41ED-BB2E-B79FFD8F8878-700x300.jpg\" data-slide-type=\"image\"><img loading=\"lazy\" decoding=\"async\" src=\"https:\/\/saf-wien.at\/wpneu\/wp-content\/uploads\/2026\/03\/770E32CA-5DDB-41ED-BB2E-B79FFD8F8878-700x300.jpg\" height=\"300\" width=\"700\" alt=\"\" class=\"slider-4469 slide-4902 msDefaultImage\" title=\"770E32CA-5DDB-41ED-BB2E-B79FFD8F8878\" \/><\/li>\n                <li style=\"display: none; width: 100%;\" class=\"slide-4903 ms-image \" aria-roledescription=\"slide\" data-date=\"2026-03-15 19:11:11\" data-filename=\"IMG_2819-700x300.jpg\" data-slide-type=\"image\"><img loading=\"lazy\" decoding=\"async\" src=\"https:\/\/saf-wien.at\/wpneu\/wp-content\/uploads\/2026\/03\/IMG_2819-700x300.jpg\" height=\"300\" width=\"700\" alt=\"\" class=\"slider-4469 slide-4903 msDefaultImage\" title=\"IMG_2819\" \/><\/li>\n                <li style=\"display: none; width: 100%;\" class=\"slide-4904 ms-image \" aria-roledescription=\"slide\" data-date=\"2026-03-15 19:11:40\" data-filename=\"1BE96956-F07E-4BCE-83EF-A2740BE0D25D-700x300.jpg\" data-slide-type=\"image\"><img loading=\"lazy\" decoding=\"async\" src=\"https:\/\/saf-wien.at\/wpneu\/wp-content\/uploads\/2026\/03\/1BE96956-F07E-4BCE-83EF-A2740BE0D25D-700x300.jpg\" height=\"300\" width=\"700\" alt=\"\" class=\"slider-4469 slide-4904 msDefaultImage\" title=\"1BE96956-F07E-4BCE-83EF-A2740BE0D25D\" \/><\/li>\n            <\/ul>\n        <\/div>\n        \n    <\/div>\n<\/div><\/div>\n\n\n\n<div class=\"wp-block-columns are-vertically-aligned-top is-layout-flex wp-container-core-columns-is-layout-9d6595d7 wp-block-columns-is-layout-flex\">\n<div class=\"wp-block-column is-vertically-aligned-top is-layout-flow wp-block-column-is-layout-flow\" style=\"flex-basis:100%\"><\/div>\n<\/div>\n\n\n<p>Unser Segelrevier im Norden der Neuen Donau liegt in einem Erholungsbereich am Fu\u00dfe des Leopoldberges und bietet ausgezeichnete Bedingungen f\u00fcr Seglerinnen und Segler.<\/p>\n\n\n<h2 class=\"wp-block-heading\">Trainings und Termine<\/h2>\n\n\n\n<iframe loading=\"lazy\" src=\"https:\/\/calendar.google.com\/calendar\/embed?height=600&#038;wkst=2&#038;ctz=Europe%2FVienna&#038;title=SAF%20Kalender&#038;src=YTAzZjYxODA4OTQzNDA3ODgwMWM1YzE1ZmU5NWMyODc3MDFkMTJlMzFiMGViZTlmNzdjNTZkZDYzOTNjZDdiZUBncm91cC5jYWxlbmRhci5nb29nbGUuY29t&#038;src=ZTllMjBkZjdlODhmY2UwMTUzNjA0Nzk1MDdmYmNlMTExMjJlNTJmOGRjYjNlYTRjMGFiMGY1NTM4OWJmMzhjOUBncm91cC5jYWxlbmRhci5nb29nbGUuY29t&#038;src=ZmZiZGE2YjM2NTBmZWJiMjBlNDZkNzk1YjgwZjIyN2UxMzNjMjkxOGU2NzBlZjM4YzFkMDEzNmI0ZGQyYTQxM0Bncm91cC5jYWxlbmRhci5nb29nbGUuY29t&#038;src=OTliNmViYmEyYzQyODE1MGNmZDc4YWM4ODFiNWEyYzVkZDQ1ZDI1N2FkN2NjZTJjZDg3YmYxNzYxYjRhYmI5ZUBncm91cC5jYWxlbmRhci5nb29nbGUuY29t&#038;src=ZGUuYXVzdHJpYW4jaG9saWRheUBncm91cC52LmNhbGVuZGFyLmdvb2dsZS5jb20&#038;color=%23C0CA33&#038;color=%23009688&#038;color=%233F51B5&#038;color=%23E67C73&#038;color=%237986CB\" style=\"border:solid 1px #777\" width=\"800\" height=\"600\" frameborder=\"0\" scrolling=\"no\"><\/iframe>\n\n\n\n<div style=\"height:43px\" aria-hidden=\"true\" class=\"wp-block-spacer\"><\/div>\n\n\n<p>In unserem Verein steht das <strong>Jollensegeln im Mittelpunkt<\/strong>. Es gibt Vereinsboote die alle Vereinsmitglieder segeln k\u00f6nnen in den Bootsklassen Laser, Pirat und Optimist. Dar\u00fcber hinaus haben viele Mitglieder eigene Segelboote. Der Spa\u00df steht nat\u00fcrlich immer im Mittelpunkt. Manche fahren einfach hinaus um die Sonne zu genie\u00dfen, andere sind ambitionierter und nehmen auch im Ausland an etlichen Regatten teil. Dabei bleibt dann noch viel Energie \u00fcbrig, um eigene <strong>Regatten<\/strong> in unserem Segelrevier auszurichten.<\/p>\n\n\n<div class=\"wp-block-group is-content-justification-left is-nowrap is-layout-flex wp-container-core-group-is-layout-f56a869c wp-block-group-is-layout-flex\">\n<div style=\"height:50px;width:0px\" aria-hidden=\"true\" class=\"wp-block-spacer wp-container-content-b30579f5\"><\/div>\n<\/div>\n\n\n\n<h2 class=\"wp-block-heading\">Regatten beim SAF<\/h2>\n\n\n\n<p>In der folgenden \u00dcbersicht sind auch Regatten unseres Nachbarvereins SC AMS gelistet, mit dem wir gemeinsam das &#8222;Segelzentrum Nord&#8220; bilden.<\/p>\n\n\n\n<link rel=\"stylesheet\" href=\"https:\/\/digital.segelverband.at\/_assets\/5f18fe78fe36b76ae350aed094e33e69\/Css\/styles-event-calendar.css\" type=\"text\/css\"><script src=\"https:\/\/digital.segelverband.at\/_assets\/5f18fe78fe36b76ae350aed094e33e69\/JavaScript\/EventCalendarOutput.js?hash=0fd826f7887dccb4062581e7eacb3eefb24eaa340d4095dd79b2bb3a515149d7\"><\/script><div id=\"tableContainer-0fd826f7887dccb4062581e7eacb3eefb24eaa340d4095dd79b2bb3a515149d7\" class=\"ls-eventcalendar\"><\/div>\n\n\n\n<div style=\"height:100px\" aria-hidden=\"true\" class=\"wp-block-spacer\"><\/div>\n\n\n\n<h2 class=\"wp-block-heading\">M\u00f6chtest du mehr wissen?<\/h2>\n\n\n\n<p>Auf unserer Homepage haben wir mehr <a href=\"https:\/\/saf-wien.at\/wpneu\/index.php\/ueber-uns\/\">Informationen zu unserem Verein<\/a>, zu unseren <a href=\"https:\/\/saf-wien.at\/wpneu\/index.php\/training\/\">Trainings<\/a>, zu unseren Kursen und f\u00fcr alle die <a href=\"https:\/\/saf-wien.at\/wpneu\/index.php\/mitgliedschaft\/\">Interesse an einer Mitgliedschaft<\/a> haben zusammengestellt. M\u00f6chtest du Kontakt mit uns aufnehmen, benutze bitte gern unten stehendes Kontaktformular. Wir freuen uns auf deine Nachricht!<\/p>\n\n\n<style id=\"wpforms-css-vars-2758-block-be06fa33-faee-42b8-b25c-2c763281794f\">\n\t\t\t\t#wpforms-2758.wpforms-block-be06fa33-faee-42b8-b25c-2c763281794f {\n\t\t\t\t--wpforms-field-size-input-height: 43px;\n--wpforms-field-size-input-spacing: 15px;\n--wpforms-field-size-font-size: 16px;\n--wpforms-field-size-line-height: 19px;\n--wpforms-field-size-padding-h: 14px;\n--wpforms-field-size-checkbox-size: 16px;\n--wpforms-field-size-sublabel-spacing: 5px;\n--wpforms-field-size-icon-size: 1;\n--wpforms-label-size-font-size: 16px;\n--wpforms-label-size-line-height: 19px;\n--wpforms-label-size-sublabel-font-size: 14px;\n--wpforms-label-size-sublabel-line-height: 17px;\n--wpforms-button-size-font-size: 17px;\n--wpforms-button-size-height: 41px;\n--wpforms-button-size-padding-h: 15px;\n--wpforms-button-size-margin-top: 10px;\n\t\t\t}\n\t\t\t<\/style><div class=\"wpforms-container wpforms-container-full wpforms-block wpforms-block-be06fa33-faee-42b8-b25c-2c763281794f wpforms-render-modern\" id=\"wpforms-2758\"><form id=\"wpforms-form-2758\" class=\"wpforms-validate wpforms-form wpforms-ajax-form\" data-formid=\"2758\" method=\"post\" enctype=\"multipart\/form-data\" action=\"\/wpneu\/index.php\/wp-json\/wp\/v2\/pages\/2742\" data-token=\"b051f2f2d35d8646c1093d13746c5cdc\" data-token-time=\"1776281826\"><noscript class=\"wpforms-error-noscript\">Bitte aktiviere JavaScript in deinem Browser, um dieses Formular fertigzustellen.<\/noscript><div id=\"wpforms-error-noscript\" style=\"display: none;\">Bitte aktiviere JavaScript in deinem Browser, um dieses Formular fertigzustellen.<\/div><div class=\"wpforms-field-container\"><div id=\"wpforms-2758-field_0-container\" class=\"wpforms-field wpforms-field-name\" data-field-id=\"0\"><fieldset><legend class=\"wpforms-field-label\">Name <span class=\"wpforms-required-label\" aria-hidden=\"true\">*<\/span><\/legend><div class=\"wpforms-field-row wpforms-field-medium\"><div class=\"wpforms-field-row-block wpforms-first wpforms-one-half\"><input type=\"text\" id=\"wpforms-2758-field_0\" class=\"wpforms-field-name-first wpforms-field-required\" name=\"wpforms[fields][0][first]\" aria-errormessage=\"wpforms-2758-field_0-error\" required><label for=\"wpforms-2758-field_0\" class=\"wpforms-field-sublabel after\">Vorname<\/label><\/div><div class=\"wpforms-field-row-block wpforms-one-half\"><input type=\"text\" id=\"wpforms-2758-field_0-last\" class=\"wpforms-field-name-last wpforms-field-required\" name=\"wpforms[fields][0][last]\" aria-errormessage=\"wpforms-2758-field_0-last-error\" required><label for=\"wpforms-2758-field_0-last\" class=\"wpforms-field-sublabel after\">Nachname<\/label><\/div><\/div><\/fieldset><\/div><div id=\"wpforms-2758-field_1-container\" class=\"wpforms-field wpforms-field-email\" data-field-id=\"1\"><label class=\"wpforms-field-label\" for=\"wpforms-2758-field_1\">E-Mail <span class=\"wpforms-required-label\" aria-hidden=\"true\">*<\/span><\/label><input type=\"email\" id=\"wpforms-2758-field_1\" class=\"wpforms-field-medium wpforms-field-required\" name=\"wpforms[fields][1]\" spellcheck=\"false\" aria-errormessage=\"wpforms-2758-field_1-error\" required><\/div><div id=\"wpforms-2758-field_2-container\" class=\"wpforms-field wpforms-field-textarea\" data-field-id=\"2\"><label class=\"wpforms-field-label\" for=\"wpforms-2758-field_2\">Kommentar oder Nachricht<\/label><textarea id=\"wpforms-2758-field_2\" class=\"wpforms-field-medium\" name=\"wpforms[fields][2]\" aria-errormessage=\"wpforms-2758-field_2-error\" ><\/textarea><\/div><\/div><!-- .wpforms-field-container --><div class=\"wpforms-submit-container\" ><input type=\"hidden\" name=\"wpforms[id]\" value=\"2758\"><input type=\"hidden\" name=\"page_title\" value=\"\"><input type=\"hidden\" name=\"page_url\" value=\"https:\/\/saf-wien.at\/wpneu\/index.php\/wp-json\/wp\/v2\/pages\/2742\"><input type=\"hidden\" name=\"url_referer\" value=\"\"><button type=\"submit\" name=\"wpforms[submit]\" id=\"wpforms-submit-2758\" class=\"wpforms-submit\" data-alt-text=\"Senden\u2026\" data-submit-text=\"Absenden\" aria-live=\"assertive\" value=\"wpforms-submit\">Absenden<\/button><img loading=\"lazy\" decoding=\"async\" src=\"https:\/\/saf-wien.at\/wpneu\/wp-content\/plugins\/wpforms-lite\/assets\/images\/submit-spin.svg\" class=\"wpforms-submit-spinner\" style=\"display: none;\" width=\"26\" height=\"26\" alt=\"Wird geladen\"><\/div><\/form><\/div>  <!-- .wpforms-container -->\n\n\n<p><\/p>\n","protected":false},"excerpt":{"rendered":"<p>Unser Segelrevier im Norden der Neuen Donau liegt in einem Erholungsbereich am Fu\u00dfe des Leopoldberges und bietet ausgezeichnete Bedingungen f\u00fcr Seglerinnen und Segler. Trainings und Termine In unserem Verein steht das Jollensegeln im Mittelpunkt. Es gibt Vereinsboote die alle Vereinsmitglieder segeln k\u00f6nnen in den Bootsklassen Laser, Pirat und Optimist. Dar\u00fcber hinaus haben viele Mitglieder eigene &#8230; <a title=\"Segelverein ASK\u00d6 Floridsdorf\" class=\"read-more\" href=\"https:\/\/saf-wien.at\/wpneu\/\" aria-label=\"Mehr Informationen \u00fcber Segelverein ASK\u00d6 Floridsdorf\">Weiterlesen<\/a><\/p>\n","protected":false},"author":7,"featured_media":0,"parent":0,"menu_order":0,"comment_status":"closed","ping_status":"closed","template":"","meta":{"footnotes":""},"class_list":["post-2742","page","type-page","status-publish"],"_links":{"self":[{"href":"https:\/\/saf-wien.at\/wpneu\/index.php\/wp-json\/wp\/v2\/pages\/2742","targetHints":{"allow":["GET"]}}],"collection":[{"href":"https:\/\/saf-wien.at\/wpneu\/index.php\/wp-json\/wp\/v2\/pages"}],"about":[{"href":"https:\/\/saf-wien.at\/wpneu\/index.php\/wp-json\/wp\/v2\/types\/page"}],"author":[{"embeddable":true,"href":"https:\/\/saf-wien.at\/wpneu\/index.php\/wp-json\/wp\/v2\/users\/7"}],"replies":[{"embeddable":true,"href":"https:\/\/saf-wien.at\/wpneu\/index.php\/wp-json\/wp\/v2\/comments?post=2742"}],"version-history":[{"count":397,"href":"https:\/\/saf-wien.at\/wpneu\/index.php\/wp-json\/wp\/v2\/pages\/2742\/revisions"}],"predecessor-version":[{"id":4890,"href":"https:\/\/saf-wien.at\/wpneu\/index.php\/wp-json\/wp\/v2\/pages\/2742\/revisions\/4890"}],"wp:attachment":[{"href":"https:\/\/saf-wien.at\/wpneu\/index.php\/wp-json\/wp\/v2\/media?parent=2742"}],"curies":[{"name":"wp","href":"https:\/\/api.w.org\/{rel}","templated":true}]}}