{"id":2511,"date":"2022-07-12T19:04:41","date_gmt":"2022-07-12T19:04:41","guid":{"rendered":"https:\/\/saf-wien.at\/wpneu\/?page_id=2511"},"modified":"2025-04-25T13:48:08","modified_gmt":"2025-04-25T13:48:08","slug":"impressum","status":"publish","type":"page","link":"https:\/\/saf-wien.at\/wpneu\/index.php\/impressum\/","title":{"rendered":"Impressum"},"content":{"rendered":"\n<p>Segelverein&nbsp;ASK\u00d6&nbsp;Floridsdorf<\/p>\n\n\n\n<p>ZVR-Nummer: 284322226<br>office@saf-wien.at<\/p>\n\n\n\n<p>Adresse:<br>Am Hubertusdamm 141<br>1210 Wien<\/p>\n\n\n\n<p><strong>Rechtsform<\/strong><br><br>Der Verein ist nicht auf Gewinn gerichtet und in allen Belangen gemeinn\u00fctzig im Sinne der Bundesabgabenordnung. Er bezweckt die k\u00f6rperliche und geistige Ert\u00fcchtigung der Bev\u00f6lkerung durch sportliche Bet\u00e4tigung insbesondere des Segelsportes.<\/p>\n\n\n\n<p><strong>Vereinszweck<\/strong><br><br>Der SAF bezweckt die Durchf\u00fchrung von und Teilnahme an Wettk\u00e4mpfen, Sportfesten und anderen sportlichen, kulturellen und gesellschaftlichen Veranstaltungen sowie die allgemeine k\u00f6rperliche Ert\u00fcchtigung (weitere Details k\u00f6nnen auf Anfrage den Vereinsstatuten entnommen werden). <\/p>\n\n\n\n<p><strong>Mitgliedschaft bei anderen Organisationen<\/strong><br><br>\u00d6sterreichischer Segelverband<br>Landessegelverband Wien<br>ASK\u00d6 Landesverband Wien<\/p>\n","protected":false},"excerpt":{"rendered":"<p>Segelverein&nbsp;ASK\u00d6&nbsp;Floridsdorf ZVR-Nummer: 284322226office@saf-wien.at Adresse:Am Hubertusdamm 1411210 Wien Rechtsform Der Verein ist nicht auf Gewinn gerichtet und in allen Belangen gemeinn\u00fctzig im Sinne der Bundesabgabenordnung. Er bezweckt die k\u00f6rperliche und geistige Ert\u00fcchtigung der Bev\u00f6lkerung durch sportliche Bet\u00e4tigung insbesondere des Segelsportes. Vereinszweck Der SAF bezweckt die Durchf\u00fchrung von und Teilnahme an Wettk\u00e4mpfen, Sportfesten und anderen sportlichen, kulturellen &#8230; <a title=\"Impressum\" class=\"read-more\" href=\"https:\/\/saf-wien.at\/wpneu\/index.php\/impressum\/\" aria-label=\"Mehr Informationen \u00fcber Impressum\">Weiterlesen<\/a><\/p>\n","protected":false},"author":7,"featured_media":0,"parent":0,"menu_order":0,"comment_status":"closed","ping_status":"closed","template":"","meta":{"footnotes":""},"class_list":["post-2511","page","type-page","status-publish"],"_links":{"self":[{"href":"https:\/\/saf-wien.at\/wpneu\/index.php\/wp-json\/wp\/v2\/pages\/2511","targetHints":{"allow":["GET"]}}],"collection":[{"href":"https:\/\/saf-wien.at\/wpneu\/index.php\/wp-json\/wp\/v2\/pages"}],"about":[{"href":"https:\/\/saf-wien.at\/wpneu\/index.php\/wp-json\/wp\/v2\/types\/page"}],"author":[{"embeddable":true,"href":"https:\/\/saf-wien.at\/wpneu\/index.php\/wp-json\/wp\/v2\/users\/7"}],"replies":[{"embeddable":true,"href":"https:\/\/saf-wien.at\/wpneu\/index.php\/wp-json\/wp\/v2\/comments?post=2511"}],"version-history":[{"count":15,"href":"https:\/\/saf-wien.at\/wpneu\/index.php\/wp-json\/wp\/v2\/pages\/2511\/revisions"}],"predecessor-version":[{"id":4532,"href":"https:\/\/saf-wien.at\/wpneu\/index.php\/wp-json\/wp\/v2\/pages\/2511\/revisions\/4532"}],"wp:attachment":[{"href":"https:\/\/saf-wien.at\/wpneu\/index.php\/wp-json\/wp\/v2\/media?parent=2511"}],"curies":[{"name":"wp","href":"https:\/\/api.w.org\/{rel}","templated":true}]}}